{"id":3193,"date":"2023-03-29T15:29:26","date_gmt":"2023-03-29T07:29:26","guid":{"rendered":"https:\/\/www.baler-machines.com\/?post_type=info&#038;p=3193"},"modified":"2024-05-24T11:49:28","modified_gmt":"2024-05-24T03:49:28","slug":"cost-and-benefit-wire-shredder","status":"publish","type":"info","link":"https:\/\/www.baler-machines.com\/tr\/cost-and-benefit-wire-shredder\/","title":{"rendered":"Tel par\u00e7alay\u0131c\u0131n\u0131n maliyet ve fayda analizi"},"content":{"rendered":"<p>Son y\u0131llarda \u00e7evre koruma ve kaynak geri d\u00f6n\u00fc\u015f\u00fcm\u00fc konusundaki fark\u0131ndal\u0131k giderek artmakta ve bir\u00e7ok i\u015fletme at\u0131k kablolar\u0131n\/tellerin ar\u0131t\u0131lmas\u0131 ve geri d\u00f6n\u00fc\u015ft\u00fcr\u00fclmesine \u00f6nem vermeye ba\u015flam\u0131\u015ft\u0131r.<\/p>    <p class=\"translation-block\">Kablo\/tel i\u015fleme i\u00e7in \u00f6nemli <a href=\"https:\/\/www.baler-machines.com\/tr\/waste-wire-cable-shredder-for-recycling\/\" target=\"_blank\" rel=\"noreferrer noopener\">ekipmanlardan biri<\/a> olarak, hurda kablo\/tel par\u00e7alay\u0131c\u0131n\u0131n pazar talebi de giderek artmaktad\u0131r. B\u00f6ylece, tel par\u00e7alay\u0131c\u0131n\u0131n maliyet ve faydas\u0131 dikkate al\u0131nmal\u0131d\u0131r.<\/p>    <h2 class=\"wp-block-heading\"><strong>Hurda tel par\u00e7alay\u0131c\u0131n\u0131n maliyet analizi<\/strong><\/h2>    <div class=\"wp-block-columns is-layout-flex wp-container-core-columns-is-layout-9d6595d7 wp-block-columns-is-layout-flex\"> <div class=\"wp-block-column is-layout-flow wp-block-column-is-layout-flow\"> <p class=\"has-text-align-center\">Sat\u0131n alma maliyeti<\/p>    <p class=\"has-cyan-bluish-gray-background-color has-background\">Makinenin sat\u0131n alma maliyeti, model, spesifikasyonlar, \u00fcretici, \u00f6zellikler gibi bir\u00e7ok fakt\u00f6rle ili\u015fkilidir. Temelde m\u00fc\u015fterinin ihtiya\u00e7lar\u0131na ba\u011fl\u0131d\u0131r.<\/p> <\/div>    <div class=\"wp-block-column is-layout-flow wp-block-column-is-layout-flow\"> <p class=\"has-text-align-center\">Kullan\u0131m maliyeti<\/p>    <p class=\"has-cyan-bluish-gray-background-color has-background\">Genel olarak kablo\/tel par\u00e7alay\u0131c\u0131n\u0131n kullan\u0131m\u0131 nispeten ucuzdur \u00e7\u00fcnk\u00fc elektrikle \u00e7al\u0131\u015f\u0131rlar ve ek yak\u0131t veya i\u015f\u00e7ilik maliyeti gerektirmezler. Detaylar fiili duruma g\u00f6re analiz edilir.<\/p> <\/div> <\/div>    <h2 class=\"wp-block-heading\"><strong>Shuliy elektrikli tel par\u00e7alama makinesinin fayda analizi<\/strong><\/h2>    <p>Ayr\u0131ca kablo\/tel par\u00e7alama makinesi kullanman\u0131n faydalar\u0131, kullan\u0131m\u0131na ba\u011fl\u0131d\u0131r.<\/p>   <div class=\"wp-block-image\"> <figure class=\"aligncenter size-full\"><img loading=\"lazy\" decoding=\"async\" width=\"720\" height=\"540\" src=\"https:\/\/www.baler-machines.com\/wp-content\/uploads\/2023\/03\/wire-shredder.webp\" alt=\"tel par\u00e7alay\u0131c\u0131\" class=\"wp-image-3201\" title=\"\"><figcaption class=\"wp-element-caption\">tel par\u00e7alay\u0131c\u0131<\/figcaption><\/figure> <\/div>   <p class=\"translation-block\">Geri d\u00f6n\u00fc\u015f\u00fcm istasyonlar\u0131na satmak i\u00e7in \u00e7ok say\u0131da kullan\u0131lm\u0131\u015f <a href=\"https:\/\/en.wikipedia.org\/wiki\/Electrical_cable\" target=\"_blank\" rel=\"noreferrer noopener\">kablo\/tel<\/a> i\u015flemeniz gerekiyorsa, o zaman bir kablo\/tel k\u0131r\u0131c\u0131 kullanmak verimlili\u011finizi art\u0131rman\u0131za ve bertaraf maliyetini d\u00fc\u015f\u00fcrmenize yard\u0131mc\u0131 olabilir, b\u00f6ylece k\u00e2r\u0131n\u0131z\u0131 art\u0131r\u0131r.<\/p>    <p>Sadece ara s\u0131ra baz\u0131 kablolar\u0131\/telleri i\u015flemeniz gerekiyorsa, bir hurda elektrik kablosu\/tel hurda par\u00e7alay\u0131c\u0131 sat\u0131n almak uygun maliyetli olmayabilir.<\/p>    <h2 class=\"wp-block-heading\"><strong>\u00c7\u00f6z\u00fcm<\/strong><\/h2>    <p>Bu nedenle kablo\/tel at\u0131k par\u00e7alama makinesi sat\u0131n almadan \u00f6nce ihtiya\u00e7lar\u0131n\u0131z\u0131 ve b\u00fct\u00e7enizi dikkatlice de\u011ferlendirmeniz \u00f6nerilir. Piyasadaki farkl\u0131 model ve boyutlardaki kablo\/tel par\u00e7alay\u0131c\u0131lar\u0131 kar\u015f\u0131la\u015ft\u0131rarak ihtiyac\u0131n\u0131za en uygun model ve fiyat\u0131 belirleyebilirsiniz.<\/p>","protected":false},"excerpt":{"rendered":"<p>In recent years, the awareness of environmental protection and resource recycling has been increasing, and many enterprises have started to pay attention to the treatment and recycling of waste cables\/wires. As one of the important equipment for cable\/wire processing, the market demand for the waste cable\/wire shredder is also gradually increasing. Thus, the cost and [&hellip;]<\/p>\n","protected":false},"author":1,"featured_media":3201,"parent":0,"template":"","tags":[632],"info-type":[564],"class_list":["post-3193","info","type-info","status-publish","has-post-thumbnail","hentry","tag-shredder","info-type-news"],"_links":{"self":[{"href":"https:\/\/www.baler-machines.com\/tr\/wp-json\/wp\/v2\/info\/3193","targetHints":{"allow":["GET"]}}],"collection":[{"href":"https:\/\/www.baler-machines.com\/tr\/wp-json\/wp\/v2\/info"}],"about":[{"href":"https:\/\/www.baler-machines.com\/tr\/wp-json\/wp\/v2\/types\/info"}],"author":[{"embeddable":true,"href":"https:\/\/www.baler-machines.com\/tr\/wp-json\/wp\/v2\/users\/1"}],"wp:featuredmedia":[{"embeddable":true,"href":"https:\/\/www.baler-machines.com\/tr\/wp-json\/wp\/v2\/media\/3201"}],"wp:attachment":[{"href":"https:\/\/www.baler-machines.com\/tr\/wp-json\/wp\/v2\/media?parent=3193"}],"wp:term":[{"taxonomy":"post_tag","embeddable":true,"href":"https:\/\/www.baler-machines.com\/tr\/wp-json\/wp\/v2\/tags?post=3193"},{"taxonomy":"info-type","embeddable":true,"href":"https:\/\/www.baler-machines.com\/tr\/wp-json\/wp\/v2\/info-type?post=3193"}],"curies":[{"name":"wp","href":"https:\/\/api.w.org\/{rel}","templated":true}]}}

Tel parçalayıcının maliyet ve fayda analizi

<p>Son yıllarda çevre koruma ve kaynak geri dönüşümü konusundaki farkındalık giderek artmakta ve birçok işletme atık kabloların/tellerin arıtılması ve geri dönüştürülmesine önem vermeye başlamıştır.</p>    <p class="translation-block">Kablo/tel işleme için önemli <a href="https://www.baler-machines.com/tr/waste-wire-cable-shredder-for-recycling/" target="_blank" rel="noreferrer noopener">ekipmanlardan biri</a> olarak, hurda kablo/tel parçalayıcının pazar talebi de giderek artmaktadır. Böylece, tel parçalayıcının maliyet ve faydası dikkate alınmalıdır.</p>    <h2 class="wp-block-heading"><strong>Hurda tel parçalayıcının maliyet analizi</strong></h2>    <div class="wp-block-columns is-layout-flex wp-container-core-columns-is-layout-9d6595d7 wp-block-columns-is-layout-flex"> <div class="wp-block-column is-layout-flow wp-block-column-is-layout-flow"> <p class="has-text-align-center">Satın alma maliyeti</p>    <p class="has-cyan-bluish-gray-background-color has-background">Makinenin satın alma maliyeti, model, spesifikasyonlar, üretici, özellikler gibi birçok faktörle ilişkilidir. Temelde müşterinin ihtiyaçlarına bağlıdır.</p> </div>    <div class="wp-block-column is-layout-flow wp-block-column-is-layout-flow"> <p class="has-text-align-center">Kullanım maliyeti</p>    <p class="has-cyan-bluish-gray-background-color has-background">Genel olarak kablo/tel parçalayıcının kullanımı nispeten ucuzdur çünkü elektrikle çalışırlar ve ek yakıt veya işçilik maliyeti gerektirmezler. Detaylar fiili duruma göre analiz edilir.</p> </div> </div>    <h2 class="wp-block-heading"><strong>Shuliy elektrikli tel parçalama makinesinin fayda analizi</strong></h2>    <p>Ayrıca kablo/tel parçalama makinesi kullanmanın faydaları, kullanımına bağlıdır.</p>   <div class="wp-block-image"> <figure class="aligncenter size-full"><img loading="lazy" decoding="async" width="720" height="540" src="https://www.baler-machines.com/wp-content/uploads/2023/03/wire-shredder.webp" alt="tel parçalayıcı" class="wp-image-3201" title=""><figcaption class="wp-element-caption">tel parçalayıcı</figcaption></figure> </div>   <p class="translation-block">Geri dönüşüm istasyonlarına satmak için çok sayıda kullanılmış <a href="https://en.wikipedia.org/wiki/Electrical_cable" target="_blank" rel="noreferrer noopener">kablo/tel</a> işlemeniz gerekiyorsa, o zaman bir kablo/tel kırıcı kullanmak verimliliğinizi artırmanıza ve bertaraf maliyetini düşürmenize yardımcı olabilir, böylece kârınızı artırır.</p>    <p>Sadece ara sıra bazı kabloları/telleri işlemeniz gerekiyorsa, bir hurda elektrik kablosu/tel hurda parçalayıcı satın almak uygun maliyetli olmayabilir.</p>    <h2 class="wp-block-heading"><strong>Çözüm</strong></h2>    <p>Bu nedenle kablo/tel atık parçalama makinesi satın almadan önce ihtiyaçlarınızı ve bütçenizi dikkatlice değerlendirmeniz önerilir. Piyasadaki farklı model ve boyutlardaki kablo/tel parçalayıcıları karşılaştırarak ihtiyacınıza en uygun model ve fiyatı belirleyebilirsiniz.</p>
